a composite?
False
Let l be 3/(42/(-4)) - 96/56. Let s be 7/14 - -1545*l/(-4). Suppose 5*g = 4*u + 3930 + s, -5*u + 3787 = 4*g. Is g composite?
True
Let t = 1776 + -717. Suppose 1065*r = t*r + 49974. Is r a composite number?
False
Suppose -13*k - 6 = -10*k. Let g be k*(1 - 1544/(-2)) + 1. Let s = 2806 + g. Is s composite?
True
Let a(i) = 71*i**3 + 5*i**2 - 13*i + 152. Is a(7) prime?
True
Suppose k - 2*o = 58297, 233254 = 4*k - 10*o + 13*o. Is k a prime number?
True
Let l(d) = 7*d**2 + 18*d - 59. Let g(w) = 21*w**2 - 7*w. Let j be g(1). Is l(j) composite?
True
Suppose -418*k = -406*k - 313188. Is k a composite number?
False
Let t be (-4 - -1)/(0 + (-6)/(-7796)). Let y = -2045 - t. Is y a composite number?
True
Let p be (5/(-8)*4)/(2/(-12)). Suppose -222 = p*d - 29997. Is d a prime number?
False
Suppose -6 = -12*z + 6. Let s(d) = -3*d + 6. Let g be s(z). Suppose 0 = g*k - 5*q - 1443, -4*k + q + 3123 = 1199. Is k composite?
True
Let p be (-18)/12 - (-21)/6. Let v be -3*(4/p - 1). Is 1 + ((-793)/(-1) - v) a composite number?
False
Is ((-90)/42)/5 - 2*(-4420446)/42 a prime number?
False
Is (-5 + 6)*(-7 + 18126) a prime number?
True
Let l(c) = 284*c**3 + 3*c**2 - 2*c - 3. Let p be l(2). Let t = 3694 - p. Is t prime?
False
Suppose 5*q - 4345 = -2*a, -2*a - 3494 = -6*q + 2*q. Let c = 1344 - q. Is c a composite number?
True
Is -158 - -149 - 539150/(-1) a composite number?
False
Let k(d) = d - 5*d**2 + 30983 + d**2 + 6*d**2 + 7*d**2 - 11*d**2. Is k(0) a composite number?
False
Let j be (20/70 + 4/(-14))/2. Suppose -14*f + j*f = -14. Is (f - -876)/(14 - 13) composite?
False
Suppose 0 = 338*a - 339*a + 46339. Is a prime?
False
Let d be (2513 + -2)*3/3. Is ((-8)/2 - (-28 - -20)) + d composite?
True
Let o be 12 - ((7 - 8) + 6). Suppose -3*t - 716 = -o*t + c, 2*c = 0. Is t a composite number?
False
Let v be -373 - (4 - (-1 + 3 - -6)). Let p = 1096 - v. Is p prime?
False
Let d = -1583 - -911. Let v = d - -1001. Is v a prime number?
False
Let g(v) = 18001*v**2 - 356*v + 1385. Is g(4) composite?
False
Let q(m) = m**3 - 5*m**2 - 8*m + 16. Let l be q(6). Suppose -z = l*w - 12821, -3*z + w - 3*w = -38463. Is z a prime number?
True
Let u = -59 - -63. Suppose 14*t - 18*t = -u. Is 0 - 69*((-88)/12 + t) prime?
False
Let b(x) = -2*x**3 + 173*x**2 - 3*x - 71. Is b(83) a prime number?
True
Let o be 25/15 + 6/(-9). Let f(s) = 1974*s**3 - 2*s**2 + 2*s - 1. Is f(o) a composite number?
False
Let t be (1 + 0)/(3*(-7)/(-168)). Is (-50328)/(-40) - t/(-10) composite?
False
Suppose 0 = -13*k + 10*k - 33. Let q(o) = -66*o - 26. Let y be q(k). Suppose -h + y = 163. Is h a prime number?
False
Let j(m) = -57487*m**3 + 18*m**2 + 21*m + 3. Is j(-1) a prime number?
True
Let o(g) = 2*g - 1 - 7 + 1. Let x be o(6). Suppose x*c - 974 = 1071. Is c composite?
False
Is (2793/(-76))/(-49) - 86225/(-4) composite?
False
Suppose -200965 = -5*j + 2*q, -35*j + 2*q - 160790 = -39*j. Is j a composite number?
True
Let b be 33/15 - (290/(-50) + 5). Suppose 0 = -5*v + 25, 9*l - 6*l = b*v + 16359. Is l composite?
True
Let r be -3*4/8*2. Let g be -3 + r/6*6. Is ((-1462)/g + 4)*3 composite?
False
Is -2 + (15784072/115 - ((-48)/15 + 3)) a prime number?
True
Let x = -1444 + -2623. Let k = 6526 + x. Is k prime?
True
Let m be ((-100)/(-40))/(3/6). Suppose -3*c + 9538 = m*j, 0 = -15*c + 14*c - j + 3180. Is c a prime number?
True
Suppose -5*v - 7*d + 14 = -9*d, -d - 17 = -5*v. Suppose v*i - 88414 = -2*t, 2*t + 2*t = 5*i - 110537. Is i prime?
False
Let a be -7 + 4 - -3 - (1 - -1). Let l be ((-437)/(-19))/(1/4*a). Is (l/(-6))/((-5)/(-105)) a composite number?
True
Suppose 3*w + 5*f - 5390 = 0, -4680 = 4*w + 2*f - 11890. Let z = 2474 + w. Is z a composite number?
True
Let k(m) = -140480*m - 393. Is k(-5) a prime number?
True
Suppose -5*u = -5, 4*f - 673 = -2*u + u. Is -7639*(48/f - (-18)/(-14)) a prime number?
True
Suppose -19*w = -14*w - 40. Is 12278/w + (-10)/(-40) a composite number?
True
Suppose -30 = -12*q + 9*q. Suppose -7*a + q = -2*a + 5*f, -4*f = 3*a - 6. Suppose -44 = -2*g - 4*x, 5*g + 3*x = a*x + 128. Is g a composite number?
True
Let c(s) = -3*s**3 + 3*s**2 - 216*s + 29. Is c(-22) a composite number?
False
Suppose -6 + 0 = -i. Let g(w) = w - 3. Let p be g(i). Suppose z = -2*c + 2105, -6*c + p = -5*c. Is z a composite number?
False
Let s(h) = -5*h**3 + 6*h**2 - 8*h - 2. Let o be s(6). Let x = 347 - 331. Is 2*(-12)/x*o a prime number?
False
Suppose -17762 = -1356*x + 1350*x + 84304. Is x a composite number?
False
Let k be ((-936)/(-20))/((-3)/(-10)). Let g = k + 697. Is g a composite number?
False
Let f(b) = -15*b**2 + 239*b**2 + 4*b - 2 + 9. Let n be f(-2). Let d = n + -194. Is d composite?
False
Suppose 55 - 40 = 3*z. Suppose z*f = -2*q + 3*q + 26132, -f + 3*q + 5218 = 0. Is f a prime number?
True
Let u be (1664/3)/(1/3). Let l(n) = 2*n**3 + 13*n**2 - 12*n - 34. Let j be l(-7). Is u - (0/(-3) + j) a composite number?
False
Let w(b) = -b**2 + 5*b + 58. Let l be w(9). Is (l + 6)*977/4 a prime number?
False
Let n(b) = 16*b + 17 - 40 - 184*b + 3*b. Is n(-14) a prime number?
True
Suppose 606273 + 5826296 = 13*x. Is x a prime number?
False
Let x(p) = 319*p**2. Suppose -5*m - 5*q = 15, -q = -4*m - 2*q - 6. Let y be x(m). Suppose -3*r = -5*k + 632, 4*r + y = 3*k - 58. Is k a composite number?
False
Let a = 33 + -28. Suppose 4*d - 3*r - 35 = 0, 5 = -4*d - 0*r - a*r. Suppose -5*y + 192 + 1083 = -2*n, d = -n. Is y a prime number?
False
Suppose o + 567 = 2*o. Let l = 479 - 381. Let r = o - l. Is r composite?
True
Let h = 39590 + -21633. Is h prime?
True
Suppose 292 = m + 3*i - 17267, -i = 4*m - 70236. Suppose -10112 - m = -7*a. Is a composite?
True
Let p = -14379 - -28186. Is p composite?
False
Let p = -4073 + 31054. Is p prime?
True
Let z(r) = -2*r**3 + 3*r**2 + r - 2. Let t be z(1). Suppose t = -5*g + 7 - 27, 0 = -3*h + 3*g - 9300. Let j = h - -5437. Is j a composite number?
False
Suppose -3 = -16*t + 61. Suppose -3173 = -3*u - 14*w + 12*w, -2*u = t*w - 2102. Is u a prime number?
True
Let d = -35649 + 61550. Is d composite?
True
Let o be (-2 + 2 + -1)*0. Suppose 33 = -40*c + 51*c. Suppose 4*x + o*x - 311 = -3*p, -c*p = x - 323. Is p a prime number?
True
Let w be 2/((2/7)/1). Suppose 14*x - 54*x + 153256 = 16416. Suppose -2*d - m + x = 0, -5*d + 8551 = w*m - 3*m. Is d a prime number?
False
Suppose 4*z = -2*w + 2408, 0 = 5*w - 2*z - 3*z - 6035. Let r = 2307 - w. Is r composite?
True
Let g(t) = 38*t**2 - 59*t - 242. Is g(-27) prime?
False
Let i be (-13201272)/(-72) - 16/(-2). Suppose 5*z + 8*t = 7*t + i, 5*t = 4*z - 146664. Is z prime?
True
Suppose 4*l + v - 185 = -2*v, 5*v + 125 = 2*l. Let j be (7 - (-8688 + -1)) + 1 - -8. Suppose l*h - 45*h = j. Is h prime?
True
Suppose 5*d - 25 = -6*i + i, 2*i = 3*d - 15. Suppose -3*v + d*p = -9820 - 35054, -3*p = -4*v + 59821. Is v prime?
False
Let r(c) = 2*c**3 - 8. Let f be r(-6). Let g be ((-24)/(-8))/(-6)*-1538. Let u = f + g. Is u composite?
True
Let u be 21982/203 - 2/7. Suppose -112*b = -u*b - 3556. Is b a prime number?
False
Let j = 117000 - 43483. Is j a composite number?
False
Let m be (14 - 18)*1*(2 - 3). Suppose -4*y = -5*a + 24519, -m*a + 3*y + 12500 + 7115 = 0. Is a a composite number?
False
Suppose 4868662 + 324790 = 44*o. Is o a prime number?
True
Let m = 20 - 14. Suppose -m*r = -13*r + 1316. Is r/6*(215/10 + -5) a composite number?
True
Suppose 34*v - 4*v - 60 = 0. Let d(g) = g**2 - 6*g + 6. Let t be d(6). Suppose 4*x + 20 = 0, -2*k + t*x + 1242 = v*x. Is k a composite number?
True
Let d(p) = -368*p**3 - p**2 + 3*p + 1. Let o be d(-2). Suppose 0*a - 5935 = 2*a - 5*w, -a - o = 4*w. Is a*(-4 - (28/(-6) - -1)) a composite number?
True
Let p be -3*(-7 - (-7173)/(-27)). Suppose -p*v - 65429 = -825*v. Is v prime?
False
Let a(o) = -13*o**3 - 6*o**2 - 6*o + 11. Let f be a(-9). Suppose 25*r - f - 3519 = 0. Is r a composite number?
False
Let m(o) be the first derivative of -o**4/4 + 23*o**3/3 - 11*o**2 - 23*o - 183. Is m(21) prime?
True
Suppose 5*s - 52*y = -57*y + 674815, 4*s + y - 539840 = 0. Is s composite?
True
Let r be (72/60)/(4/30). Let n be (1 - 129/r)/((-8)/396). Suppose n = g - 553. Is g prime?
True
Let w = 28 - 28. Suppose w = -5*z - 4*r + 42, -z + 0*r - r = -9. Is (183/1)/(z - 5) a prime number?
False
Suppose -3*v + 58877 + 223574 = 5*d, 2*v - 112982 = -2*